05
Convert 2d7 (base 15) to base 12.
464
What is 14344 (base 6) in base 8?
4370
Convert 2011120111 (base 3) to base 7.
235330
-12100 (base 4) to base 14
-208
What is -618 (base 12) in base 7?
-2402
-47e (base 15) to base 3
-1101202
-2495 (base 12) to base 11
-3129
-412 (base 5) to base 3
-10222
-24224 (base 8) to base 2
-10100010010100
98c (base 13) to base 11
1259
What is -2252 (base 6) in base 16?
-218
Convert 244 (base 16) to base 15.
28a
What is 11011101000111 (base 2) in base 16?
3747
Convert -70377 (base 8) to base 3.
-1110200101
What is c8da (base 14) in base 13?
12a34
What is bce (base 16) in base 2?
101111001110
What is -9461 (base 12) in base 3?
-211020001
Convert 213 (base 10) to base 15.
e3
Convert 5cb9 (base 16) to base 7.
126130
What is -5 (base 7) in base 12?
-5
What is 40be (base 15) in base 14?
4db1
Convert -5916 (base 12) to base 3.
-111122200
Convert -165 (base 8) to base 10.
-117
What is 209 (base 13) in base 6?
1335
Convert -134321 (base 5) to base 3.
-21122220
Convert 597 (base 11) to base 6.
3143
Convert 5363 (base 9) to base 6.
30133
7540 (base 8) to base 9
5353
What is -177 (base 14) in base 4?
-10231
16200 (base 7) to base 13
20c7
-2000031 (base 4) to base 12
-48b9
What is -26804 (base 9) in base 3?
-220220011
32341 (base 7) to base 2
1111110000001
-24024 (base 8) to base 9
-15060
-10403 (base 5) to base 2
-1011011000
What is -22729 (base 11) in base 9?
-50018
Convert -120020 (base 6) to base 11.
-7887
What is -6037 (base 10) in base 16?
-1795
121 (base 4) to base 7
34
What is 3ac (base 15) in base 13?
4c5
Convert -430352 (base 6) to base 16.
-893c
Convert -1c12c (base 13) to base 15.
-11507
Convert f3fd (base 16) to base 9.
104611
Convert 60b6 (base 12) to base 10.
10506
c79 (base 13) to base 7
6130
What is -3298 (base 10) in base 15?
-e9d
Convert -df6 (base 16) to base 11.
-275a
Convert 2154 (base 15) to base 13.
3298
What is -a99c (base 14) in base 4?
-13022132
What is 473 (base 15) in base 6?
4400
What is -642 (base 7) in base 12?
-230
What is -11000000001 (base 2) in base 16?
-601
55450 (base 9) to base 8
107723
Convert -17137 (base 13) to base 4.
-22301323
What is 379 (base 11) in base 16?
1c1
Convert -17e0 (base 15) to base 8.
-12050
Convert -873e (base 15) to base 11.
-1a571
What is 448e (base 16) in base 15?
5300
-11111212 (base 3) to base 8
-6332
323 (base 13) to base 15
25b
What is -718 (base 16) in base 3?
-2111021
What is 1201104 (base 5) in base 11?
15607
Convert 581 (base 9) to base 16.
1de
-323344 (base 6) to base 4
-12201100
Convert 771 (base 11) to base 7.
2461
Convert -4e0a (base 15) to base 11.
-11576
-464 (base 11) to base 16
-22a
127 (base 14) to base 13
14a
Convert 926a (base 11) to base 3.
121212110
a64 (base 11) to base 10
1280
-11011 (base 4) to base 14
-193
-289 (base 12) to base 15
-1b3
Convert 220 (base 5) to base 4.
330
What is 20b (base 13) in base 12?
251
Convert -1002100 (base 4) to base 2.
-1000010010000
What is -4848 (base 9) in base 6?
-24412
What is 101000 (base 3) in base 15?
130
Convert 258 (base 14) to base 4.
13112
42165 (base 10) to base 15
c760
Convert 103 (base 10) to base 11.
94
123444 (base 6) to base 13
5128
-103201 (base 5) to base 15
-10bb
Convert -8ccb (base 14) to base 2.
-101111110100011
771 (base 12) to base 8
2105
What is -327 (base 15) in base 14?
-38c
Convert -ad1 (base 15) to base 3.
-10100121
Convert -11678 (base 11) to base 6.
-205411
30475 (base 9) to base 12
b74b
What is 63d (base 14) in base 13?
739
Convert 1100010 (base 2) to base 7.
200
-496 (base 11) to base 13
-364
-2204023 (base 5) to base 6
-451553
-a3b (base 12) to base 13
-8a5
Convert 34321 (base 8) to base 5.
431140
Convert -128ad (base 15) to base 13.
-21016
What is -11378 (base 12) in base 16?
-59cc
Convert ab8 (base 15) to base 2.
100101110111
What is 838 (base 13) in base 5?
21044
Convert 531 (base 8) to base 12.
249
What is 309 (base 13) in base 7?
1335
Convert 4811 (base 9) to base 11.
275a
Convert 146 (base 16) to base 11.
277
-1100300 (base 4) to base 7
-21032
What is 1965 (base 10) in base 3?
2200210
What is 151322 (base 6) in base 15?
44ce
Convert -4015 (base 8) to base 16.
-80d
Convert -220440 (base 5) to base 13.
-3612
888 (base 14) to base 15
778
945 (base 15) to base 3
2212102
5430 (base 6) to base 13
747
What is 773c (base 13) in base 9?
24708
What is 1030 (base 6) in base 12?
176
What is -f23 (base 16) in base 10?
-3875
12958 (base 10) to base 5
403313
-21089 (base 11) to base 14
-b298
2012 (base 8) to base 7
3005
What is 234232 (base 5) in base 14?
324c
What is 6d2f (base 16) in base 9?
42306
-1100101100 (base 2) to base 13
-4a6
Convert 3bd6 (base 16) to base 9.
23010
34c (base 16) to base 2
1101001100
34202 (base 6) to base 9
6552
What is 151356 (base 7) in base 3?
1111020210
What is 2c1 (base 15) in base 11?
524
Convert 45023 (base 8) to base 10.
18963
Convert -1100000101010 (base 2) to base 10.
-6186
-1111011001011 (base 2) to base 12
-468b
What is -4121 (base 5) in base 8?
-1030
-111210010 (base 3) to base 4
-2130333
-2a6e (base 15) to base 4
-2032100
What is 96d (base 14) in base 16?
745
What is -322 (base 13) in base 5?
-4120
Convert -6737 (base 8) to base 2.
-110111011111
Convert 2880 (base 15) to base 10.
8670
Convert -1094 (base 13) to base 14.
-bb8
Convert -435 (base 6) to base 5.
-1132
What is -909 (base 14) in base 2?
-11011101101
What is -1a55 (base 11) in base 6?
-20013
-78b9 (base 12) to base 6
-141553
Convert 3557 (base 11) to base 16.
1234
What is 2a46 (base 11) in base 4?
331102
-60587 (base 9) to base 3
-2000122221
Convert 5666 (base 16) to base 6.
250222
-46132 (base 7) to base 5
-333414
-2022221 (base 3) to base 11
-1305
Convert eda (base 15) to base 7.
12532
-20210320 (base 4) to base 7
-204262
Convert 25d (base 16) to base 5.
4410
Convert -1640 (base 7) to base 12.
-475
What is 997 (base 16) in base 7?
10105
Convert 1841 (base 9) to base 6.
10314
Convert 1101300 (base 4) to base 15.
183c
-8216 (base 13) to base 16
-460d
What is 134 (base 8) in base 10?
92
Convert 7a2 (base 12) to base 7.
3203
Convert -22915 (base 10) to base 4.
-11212003
Convert 18181 (base 12) to base 4.
20133301
What is -332ab (base 12) in base 13?
-24b33
Convert 20751 (base 10) to base 5.
1131001
111423 (base 6) to base 3
110221220
6268 (base 12) to base 9
15648
446 (base 10) to base 15
1eb
220300 (base 4) to base 6
20024
-329 (base 12) to base 9
-566
What is 42014 (base 6) in base 14?
209c
What is -14916 (base 14) in base 7?
-302126
What is -1346 (base 9) in base 6?
-4410
3577 (base 16) to base 13
62cb
What is -4 (base 6) in base 8?
-4
Convert 10122 (base 5) to base 12.
472
-242 (base 5) to base 7
-132
Convert -26109 (base 10) to base 9.
-38730
Convert -42d (base 16) to base 10.
-1069
Convert -22 (base 10) to base 12.
-1a
Convert -3540 (base 7) to base 16.
-516
-212002 (base 3) to base 8
-1157
Convert 1265 (base 10) to base 3.
1201212
2040 (base 8) to base 9
1403
What is 7229 (base 16) in base 7?
151130
What is 111001110 (base 2) in base 8?
716
Convert 1200012 (base 3) to base 13.
72b
What is -9d (base 14) in base 16?
-8b
Convert 122001212 (base 3) to base 6.
133335
Convert 570 (base 11) to base 5.
10212
132300 (base 4) to base 5
30333
Convert 15573 (base 9) to base 6.
121233
Convert 232 (base 7) to base 6.
321
-1202100 (base 3) to base 10
-1278
What is 4408 (base 9) in base 14?
1280
What is -8536 (base 15) in base 3?
-1102122120
1596 (base 10) to base 2
11000111100
What is -3320 (base 7) in base 4?
-102212
What is -133344 (base 6) in base 4?
-3002200
Convert -12001012 (base 3) to base 13.
-189b
-4140 (base 5) to base 13
-32c
Convert -3605 (base 11) to base 8.
-11164
112121 (base 3) to base 10
394
What is 410001 (base 5) in base 11?
9953
-331 (base 9) to base 3
-101001
What is 101100110010101 (base 2) in base 6?
254101
What is -432 (base 10) in base 5?
-3212
-555 (base 12) to base 7
-2201
5854 (base 11) to base 7
31253
What is 101101011001 (base 2) in base 6?
21241
-2010011 (base 4) to base 7
-33434
67a (base 11) to base 5
11223
What is -21111 (base 4) in base 9?
-733
-2074a (base 11) to base 13
-1097a
What is -3005 (base 6) in base 13?
-3b3
What is -44197 (base 10) in base 11?
-3022a
What is -10323101 (base 4) in base 2?
-100111011010001
What is 10011000111000 (base 2) in base 14?
3